isor of 22295 and 165705358?
4459
What is the greatest common factor of 8008 and 263102?
14
Calculate the greatest common divisor of 98595761 and 121.
121
What is the greatest common factor of 627 and 144017929?
209
Calculate the greatest common factor of 1132376175 and 4613.
4613
What is the highest common divisor of 6765 and 47137167?
1353
What is the highest common divisor of 526917128 and 1704?
568
Calculate the greatest common divisor of 6059 and 4800772.
73
Calculate the highest common divisor of 123 and 3012837.
3
Calculate the highest common divisor of 4369 and 3332005.
257
What is the greatest common factor of 51138 and 182?
2
What is the highest common divisor of 6154 and 3357188?
362
Calculate the greatest common divisor of 3821445 and 165.
15
Calculate the highest common factor of 13472 and 4992639.
421
Calculate the greatest common factor of 26570 and 12790.
10
What is the highest common factor of 304434 and 780?
78
What is the highest common divisor of 684520 and 27250?
1090
What is the highest common factor of 151625390 and 10?
10
Calculate the highest common divisor of 88 and 8042376.
8
What is the highest common divisor of 355 and 1143810?
355
Calculate the highest common factor of 1724 and 93818356.
1724
What is the greatest common factor of 6300664 and 4499424?
7352
What is the highest common divisor of 6723 and 224127?
81
Calculate the greatest common factor of 516646 and 10231.
13
Calculate the greatest common factor of 126752388 and 406.
406
What is the highest common divisor of 566 and 2402775842?
566
What is the greatest common factor of 436 and 13325468?
436
Calculate the highest common divisor of 1435 and 201110.
35
Calculate the highest common divisor of 250892983 and 13745.
2749
Calculate the highest common divisor of 770963 and 608.
19
What is the greatest common factor of 828 and 8585348?
92
Calculate the highest common factor of 77318 and 59362.
134
Calculate the highest common factor of 42913 and 14131.
13
What is the highest common divisor of 56829328 and 2784?
464
What is the greatest common divisor of 1528064 and 5334?
254
What is the greatest common factor of 8580192 and 19290?
3858
What is the highest common factor of 147244 and 1973646?
262
What is the highest common divisor of 10846420 and 69290?
1690
What is the greatest common divisor of 160 and 2714632?
8
What is the greatest common factor of 11377079 and 7?
7
Calculate the highest common divisor of 150826912 and 928.
928
Calculate the highest common divisor of 704 and 1933536.
352
Calculate the greatest common divisor of 106308525 and 30.
15
Calculate the highest common divisor of 4716 and 577404.
36
What is the highest common divisor of 186 and 15261393?
93
What is the greatest common divisor of 122940 and 990180?
180
What is the greatest common divisor of 101864 and 1547?
119
Calculate the greatest common factor of 334807230 and 2460.
1230
What is the highest common factor of 42775 and 309271805?
8555
Calculate the greatest common factor of 19557 and 76752.
369
What is the highest common factor of 2452 and 697966704?
2452
Calculate the highest common factor of 146648 and 95327576.
6376
Calculate the highest common factor of 20083275 and 360.
45
Calculate the greatest common factor of 141449 and 9625.
77
Calculate the greatest common divisor of 956392734 and 132.
66
Calculate the highest common divisor of 227411 and 111720.
19
What is the highest common factor of 1720 and 25904920?
1720
Calculate the greatest common factor of 50 and 11467930.
10
What is the greatest common divisor of 2145 and 67865889?
39
What is the highest common factor of 42484 and 271846?
86
What is the greatest common divisor of 27 and 29422278?
27
What is the greatest common factor of 484758 and 122622?
1146
What is the greatest common divisor of 49761 and 6954?
57
Calculate the highest common factor of 183972066 and 222.
222
What is the greatest common factor of 204642 and 234?
18
What is the greatest common divisor of 19080248 and 605?
121
Calculate the highest common factor of 7351477 and 15715.
3143
What is the highest common divisor of 43082488 and 136?
136
What is the greatest common divisor of 49238376 and 1947?
33
Calculate the highest common factor of 116073121 and 17392.
1087
What is the highest common divisor of 3156 and 52907447?
263
Calculate the highest common factor of 327056 and 432.
16
Calculate the highest common divisor of 363 and 7404837.
363
Calculate the greatest common divisor of 368505 and 247.
19
Calculate the greatest common factor of 10738890 and 144.
18
What is the greatest common factor of 8808 and 31533374?
734
Calculate the highest common factor of 598 and 916812.
26
What is the highest common divisor of 2050 and 4602660?
410
What is the greatest common factor of 25437408 and 2436?
348
Calculate the greatest common factor of 2182484 and 52.
4
Calculate the highest common factor of 270 and 1556909910.
270
What is the greatest common factor of 1260 and 22528100?
140
Calculate the highest common factor of 56649112 and 416.
104
What is the highest common divisor of 4928448 and 504?
168
Calculate the greatest common factor of 6947688 and 198.
66
Calculate the greatest common factor of 442 and 1383382.
26
Calculate the highest common factor of 877293 and 740643.
2733
Calculate the greatest common divisor of 110 and 182905810.
10
Calculate the highest common divisor of 275277396 and 16182.
5394
What is the highest common factor of 448 and 49504?
224
Calculate the highest common factor of 285 and 14436998.
19
What is the highest common divisor of 6308526 and 38?
2
What is the highest common factor of 12116462 and 38?
2
Calculate the highest common divisor of 2355 and 40085.
5
Calculate the greatest common factor of 3680 and 14237200.
80
What is the greatest common factor of 1546817 and 127699?
47
What is the greatest common factor of 472 and 10959132?
236
What is the highest common divisor of 189 and 15030657?
27
Calculate the highest common factor of 259 and 2854050241.
259
What is the greatest common divisor of 41216 and 32648224?
5152
What is the highest common factor of 88217180 and 16?
4
Calculate the highest common divisor of 17 and 126433403.
17
What is the greatest common divisor of 9464051 and 848?
53
Calculate the highest common divisor of 646379135 and 745.
745
What is the highest common divisor of 547755 and 390?
195
What is the greatest common divisor of 323342712 and 22176?
5544
What is the highest common factor of 21287200 and 1476?
164
Calculate the highest common factor of 31916456 and 2024.
2024
What is the greatest common factor of 35371 and 2770439?
217
What is the highest common divisor of 478550967 and 57?
57
What is the highest common factor of 1978 and 25274930?
46
What is the greatest common factor of 530 and 9854290?
530
What is the greatest common factor of 1769 and 1287803?
29
What is the highest common factor of 82340200 and 290?
10
Calculate the greatest common divisor of 675904 and 8234.
358
What is the greatest common divisor of 412132 and 7419524?
1148
What is the greatest common divisor of 19488 and 1073632?
224
Calculate the highest common divisor of 1060 and 3572200.
1060
Calculate the greatest common factor of 152038 and 69388.
38
What is the greatest common factor of 794297 and 22601?
233
What is the greatest common divisor of 11 and 1726547779?
11
What is the highest common factor of 131 and 80491247?
131
Calculate the highest common divisor of 140 and 11442690.
70
What is the greatest common divisor of 149961 and 47673316?
7141
Calculate the greatest common divisor of 2992895 and 20.
5
Calculate the highest common factor of 80 and 466191000.
40
What is the highest common divisor of 159597958 and 26?
26
Calculate the highest common factor of 679 and 2040482591.
679
What is the highest common factor of 20040 and 632040?
120
What is the greatest common divisor of 13636991 and 2981?
271
What is the highest common factor of 33924 and 73202338?
5654
Calculate the greatest common factor of 784 and 14960043.
49
What is the highest common factor of 5591047 and 164?
41
What is the greatest common divisor of 928 and 9663496?
232
What is the greatest common factor of 19111335 and 15?
15
Calculate the greatest common diviso